{"id":15,"date":"2020-03-30T20:36:23","date_gmt":"2020-03-30T20:36:23","guid":{"rendered":"https:\/\/linstitutdelaura.fr\/?page_id=15"},"modified":"2025-11-10T05:33:04","modified_gmt":"2025-11-10T05:33:04","slug":"accueil","status":"publish","type":"page","link":"https:\/\/linstitutdelaura.fr\/","title":{"rendered":"L&rsquo;institut de Laura"},"content":{"rendered":"\n<div class=\"wp-block-media-text alignwide has-media-on-the-right has-background is-stacked-on-mobile\" style=\"background-color:#ffffff;grid-template-columns:auto 27%\"><div class=\"wp-block-media-text__content\">\n<p class=\"has-text-color\" style=\"color:#aa5240\"><strong>Esth\u00e9ticienne et passionn\u00e9e depuis plus de 18 ans<\/strong>, je vous accueille dans mon institut de beaut\u00e9 <strong>\u00e0 Sor\u00e8ze, du lundi au samedi<\/strong> pour vos rituels beaut\u00e9 et vous offrir tout mon savoir-faire pour r\u00e9pondre \u00e0 vos besoins.<br><br>Je vous propose un large choix de prestations, <strong>soins visage, soins corps, LPG, \u00e9pilations<\/strong>, <strong>ongles<\/strong>, <strong>Head spa<\/strong>&#8230;<br><br>Soucieuse de vous proposer des soins et des produits de qualit\u00e9 je travaille exclusivement avec la marque fran\u00e7aise <strong>LABORATOIRE ERICSON<\/strong> qui est un pionner mondial de la beaut\u00e9.<br><br>L&rsquo;institut est situ\u00e9 <strong>face \u00e0 U express \u00e0 Sor\u00e8ze<\/strong>.<br>Un <strong>parking gratuit<\/strong> est \u00e0 votre disposition.<br><br>A tr\u00e8s bient\u00f4t dans votre institut.<br><br>Laura<\/p>\n<\/div><figure class=\"wp-block-media-text__media\"><img loading=\"lazy\" decoding=\"async\" width=\"576\" height=\"1024\" src=\"https:\/\/linstitutdelaura.fr\/wp-content\/uploads\/2020\/07\/linstitut-de-laura-sor\u00e8ze-576x1024.jpg\" alt=\"\" class=\"wp-image-416 size-full\" srcset=\"https:\/\/linstitutdelaura.fr\/wp-content\/uploads\/2020\/07\/linstitut-de-laura-sor\u00e8ze-576x1024.jpg 576w, https:\/\/linstitutdelaura.fr\/wp-content\/uploads\/2020\/07\/linstitut-de-laura-sor\u00e8ze-169x300.jpg 169w, https:\/\/linstitutdelaura.fr\/wp-content\/uploads\/2020\/07\/linstitut-de-laura-sor\u00e8ze-768x1365.jpg 768w, https:\/\/linstitutdelaura.fr\/wp-content\/uploads\/2020\/07\/linstitut-de-laura-sor\u00e8ze-864x1536.jpg 864w, https:\/\/linstitutdelaura.fr\/wp-content\/uploads\/2020\/07\/linstitut-de-laura-sor\u00e8ze.jpg 1080w\" sizes=\"auto, (max-width: 576px) 100vw, 576px\" \/><\/figure><\/div>\n\n\n\n<hr class=\"wp-block-separator has-css-opacity\"\/>\n\n\n\n<div class=\"wp-block-cover is-light\"><span aria-hidden=\"true\" class=\"wp-block-cover__background has-background-dim-100 has-background-dim has-background-gradient\" style=\"background:linear-gradient(90deg,rgb(255,240,203) 0%,rgb(255,158,138) 100%)\"><\/span><div class=\"wp-block-cover__inner-container is-layout-flow wp-block-cover-is-layout-flow\">\n<p><\/p>\n\n\n\n<div class=\"wp-block-media-text alignwide is-vertically-aligned-center is-stacked-on-mobile\" style=\"grid-template-columns:63% auto\"><figure class=\"wp-block-media-text__media\"><img loading=\"lazy\" decoding=\"async\" width=\"1024\" height=\"471\" src=\"https:\/\/linstitutdelaura.fr\/wp-content\/uploads\/2020\/07\/carte-cadeau-intitut-de-laura-sor\u00e8ze-1024x471.jpg\" alt=\"\" class=\"wp-image-422 size-full\" srcset=\"https:\/\/linstitutdelaura.fr\/wp-content\/uploads\/2020\/07\/carte-cadeau-intitut-de-laura-sor\u00e8ze-1024x471.jpg 1024w, https:\/\/linstitutdelaura.fr\/wp-content\/uploads\/2020\/07\/carte-cadeau-intitut-de-laura-sor\u00e8ze-300x138.jpg 300w, https:\/\/linstitutdelaura.fr\/wp-content\/uploads\/2020\/07\/carte-cadeau-intitut-de-laura-sor\u00e8ze-768x353.jpg 768w, https:\/\/linstitutdelaura.fr\/wp-content\/uploads\/2020\/07\/carte-cadeau-intitut-de-laura-sor\u00e8ze-1536x707.jpg 1536w, https:\/\/linstitutdelaura.fr\/wp-content\/uploads\/2020\/07\/carte-cadeau-intitut-de-laura-sor\u00e8ze-2048x942.jpg 2048w, https:\/\/linstitutdelaura.fr\/wp-content\/uploads\/2020\/07\/carte-cadeau-intitut-de-laura-sor\u00e8ze-1140x524.jpg 1140w\" sizes=\"auto, (max-width: 1024px) 100vw, 1024px\" \/><\/figure><div class=\"wp-block-media-text__content\">\n<p><\/p>\n\n\n\n<h4 class=\"wp-block-heading\"><strong>CH\u00c8QUE CADEAU<\/strong><\/h4>\n\n\n\n<p><br>Nombreux sont les \u00e9v\u00e9nements et les occasions de faire plaisir. <strong>Un anniversaire, une f\u00eate, la Saint-Valentin, un remerciement &#8230;<\/strong><\/p>\n\n\n\n<p>Pour \u00eatre s\u00fbr(e) de ne pas vous tromper, je vous propose des ch\u00e8ques cadeau <strong>pour le montant de votre choix<\/strong>. L&rsquo;heureux(se) b\u00e9n\u00e9ficiaire pourra ainsi choisir la (les) <strong>prestation(s) de son choix<\/strong>.<\/p>\n\n\n\n<p>Utilisable uniquement dans L&rsquo;institut de Laura \u00e0 Sor\u00e8ze.<\/p>\n\n\n\n<p>Valable pendant 9 mois<\/p>\n<\/div><\/div>\n\n\n\n<p><\/p>\n<\/div><\/div>\n\n\n\n<h3 class=\"wp-block-heading has-text-color\" style=\"color:#755329\"><\/h3>\n\n\n\n<figure class=\"wp-block-gallery has-nested-images columns-4 is-cropped wp-block-gallery-1 is-layout-flex wp-block-gallery-is-layout-flex\"><\/figure>\n\n\n\n<hr class=\"wp-block-separator has-css-opacity\"\/>\n\n\n\n<div class=\"wp-block-group\"><div class=\"wp-block-group__inner-container is-layout-flow wp-block-group-is-layout-flow\">\n<div class=\"wp-block-media-text alignwide is-stacked-on-mobile\"><figure class=\"wp-block-media-text__media\"><img loading=\"lazy\" decoding=\"async\" width=\"940\" height=\"788\" src=\"https:\/\/linstitutdelaura.fr\/wp-content\/uploads\/2020\/07\/Gris-\u00c9t\u00e9-Enfants-Souvenirs-amusants-Publication-Facebook9.png\" alt=\"\" class=\"wp-image-243 size-full\" srcset=\"https:\/\/linstitutdelaura.fr\/wp-content\/uploads\/2020\/07\/Gris-\u00c9t\u00e9-Enfants-Souvenirs-amusants-Publication-Facebook9.png 940w, https:\/\/linstitutdelaura.fr\/wp-content\/uploads\/2020\/07\/Gris-\u00c9t\u00e9-Enfants-Souvenirs-amusants-Publication-Facebook9-300x251.png 300w, https:\/\/linstitutdelaura.fr\/wp-content\/uploads\/2020\/07\/Gris-\u00c9t\u00e9-Enfants-Souvenirs-amusants-Publication-Facebook9-768x644.png 768w\" sizes=\"auto, (max-width: 940px) 100vw, 940px\" \/><\/figure><div class=\"wp-block-media-text__content\">\n<h3 class=\"wp-block-heading has-text-color\" style=\"color:#e06060\">LPG endermologie:<\/h3>\n\n\n\n<p class=\"has-text-color\" style=\"color:#e06060\">Riche de plus de <strong>30 ans<\/strong> d&rsquo;expertise et <strong>de recherche<\/strong> scientifique, <strong>LPG<\/strong> cr\u00e9e endermologie: La seule technique <strong>non-invasive<\/strong> de <strong>stimulation m\u00e9canique<\/strong> de la peau, permettant de <strong>r\u00e9activer naturellement le m\u00e9tabolisme des cellules<\/strong>.<\/p>\n<\/div><\/div>\n<\/div><\/div>\n\n\n\n<p><\/p>\n\n\n\n<figure class=\"wp-block-embed is-type-video is-provider-youtube wp-block-embed-youtube wp-embed-aspect-16-9 wp-has-aspect-ratio\"><div class=\"wp-block-embed__wrapper\">\n<iframe loading=\"lazy\" title=\"endermologie\u00ae Corps\" width=\"960\" height=\"540\" src=\"https:\/\/www.youtube.com\/embed\/usYa-wGvlo8?feature=oembed\" frameborder=\"0\" allow=\"accelerometer; autoplay; clipboard-write; encrypted-media; gyroscope; picture-in-picture; web-share\" referrerpolicy=\"strict-origin-when-cross-origin\" allowfullscreen><\/iframe>\n<\/div><\/figure>\n\n\n\n<p><\/p>\n","protected":false},"excerpt":{"rendered":"<p>Esth\u00e9ticienne et passionn\u00e9e depuis plus de 18 ans, je vous accueille dans mon institut de beaut\u00e9 \u00e0 Sor\u00e8ze, du lundi au samedi pour vos rituels beaut\u00e9 et vous offrir tout mon savoir-faire pour r\u00e9pondre \u00e0 vos besoins. Je vous propose un large choix de prestations, soins visage, soins corps, LPG, \u00e9pilations, ongles, Head spa&#8230; Soucieuse de vous proposer des soins et des produits de qualit\u00e9 je travaille exclusivement avec la marque fran\u00e7aise LABORATOIRE ERICSON qui est un pionner mondial de la beaut\u00e9. L&rsquo;institut est situ\u00e9 face \u00e0 U express \u00e0 Sor\u00e8ze.Un parking gratuit est \u00e0 votre disposition. A tr\u00e8s bient\u00f4t dans votre institut. Laura LPG endermologie: Riche de plus de 30 ans d&rsquo;expertise et de recherche scientifique, LPG cr\u00e9e endermologie: La seule technique non-invasive de stimulation m\u00e9canique de la peau, permettant de r\u00e9activer naturellement le m\u00e9tabolisme des cellules.<\/p>\n","protected":false},"author":2,"featured_media":0,"parent":0,"menu_order":0,"comment_status":"closed","ping_status":"closed","template":"","meta":{"footnotes":""},"class_list":["post-15","page","type-page","status-publish","hentry"],"_links":{"self":[{"href":"https:\/\/linstitutdelaura.fr\/index.php?rest_route=\/wp\/v2\/pages\/15","targetHints":{"allow":["GET"]}}],"collection":[{"href":"https:\/\/linstitutdelaura.fr\/index.php?rest_route=\/wp\/v2\/pages"}],"about":[{"href":"https:\/\/linstitutdelaura.fr\/index.php?rest_route=\/wp\/v2\/types\/page"}],"author":[{"embeddable":true,"href":"https:\/\/linstitutdelaura.fr\/index.php?rest_route=\/wp\/v2\/users\/2"}],"replies":[{"embeddable":true,"href":"https:\/\/linstitutdelaura.fr\/index.php?rest_route=%2Fwp%2Fv2%2Fcomments&post=15"}],"version-history":[{"count":72,"href":"https:\/\/linstitutdelaura.fr\/index.php?rest_route=\/wp\/v2\/pages\/15\/revisions"}],"predecessor-version":[{"id":595,"href":"https:\/\/linstitutdelaura.fr\/index.php?rest_route=\/wp\/v2\/pages\/15\/revisions\/595"}],"wp:attachment":[{"href":"https:\/\/linstitutdelaura.fr\/index.php?rest_route=%2Fwp%2Fv2%2Fmedia&parent=15"}],"curies":[{"name":"wp","href":"https:\/\/api.w.org\/{rel}","templated":true}]}}